 - -1)) + 6?
7
Calculate 19 - 30 - (-7 + 2).
-6
Calculate -5 - (-4 - 3) - -3.
5
-1 + 0 - (2 + 1)
-4
What is the value of 2 - (6 + (3 - (-4 - -12)))?
1
Calculate (-6 - -12) + 1 + 1 + -4.
4
Calculate (2 + -1 - -2 - 1) + 2.
4
Evaluate -6 + 3 + 0 - -8.
5
What is the value of (1 + -6 - 7) + 20?
8
What is the value of (7 - (0 + 9)) + 1 + 1?
0
What is -1 - 3 - (-2 + 1)?
-3
What is the value of (0 - 6 - (34 - 38)) + 5?
3
Evaluate -1 + 1 + (-1 - 3) + -2.
-6
What is -3 + -8 + 6 + (20 - 8)?
7
Evaluate (-4 - 1) + -5 + (8 - -3).
1
Calculate (7 - 11) + (9 - -1).
6
6 + (2 - -5 - (15 + 4))
-6
Calculate 1 - (6 - (-10 - -10)).
-5
Calculate (-2 - (5 - 7) - -5) + -3.
2
-3 + 0 + 14 + -14
-3
What is the value of -3 + 7 + -4 + 3?
3
Evaluate -1 + -1 + -1 + 4 + -2.
-1
What is -15 + (-6 - (12 + -29))?
-4
Calculate -3 - (-11 + 6 + 3).
-1
-4 + (0 - 0) - -10
6
What is the value of -10 + -1 - (-35 - -29)?
-5
What is the value of -1 + (1 + (-4 - -3) - 0)?
-1
What is the value of 2 - (2 + 9 + -14)?
5
What is (-2 - -1) + -3 + 5?
1
Evaluate (0 - (-4 + -2)) + -5.
1
What is -5 - (13 + 5 + -23)?
0
(-2 - 5) + 0 + -1
-8
Calculate -11 - (2 - 8 - (17 - 17)).
-5
Calculate -131 - -136 - (0 - -11).
-6
What is (19 - 24) + (1 - 0)?
-4
What is 6 + -3 + -1 - 0 - 0?
2
Calculate 60 + -64 + (-1 - (-3 + 0)).
-2
1 - (-4 + (-2 + 5 - 2))
4
What is -7 + (2 - ((-3 - -3) + -6))?
1
What is ((-2 - 1) + 5 - 0) + -2?
0
Evaluate -10 - -10 - (-4 + 11).
-7
What is the value of 0 - -6 - (-11 - -17)?
0
-38 - -21 - (5 + -15)
-7
Evaluate 13 - 13 - (-2 - -4).
-2
Calculate 11 + (-5 - 4) + -1.
1
Evaluate -6 - 0 - (-25 + 24).
-5
-6 + 12 - (2 - 0) - -3
7
What is the value of 0 + 4 + -2 + -14 + 14?
2
What is the value of (-5 - (-8 + 7)) + (0 - -3)?
-1
Calculate (7 - 7) + 0 + 1 + -5.
-4
Calculate (0 - -3) + (4 - 6).
1
What is -8 - ((8 - 0) + -7)?
-9
Evaluate -9 + (5 - -3) - (-3 - 0).
2
What is the value of 6 + 1 - (-35 + 41)?
1
Calculate 3 - ((2 - -1) + 0).
0
What is (-8 - -7) + -4 + 7 + -7?
-5
Calculate (-15 - -9) + 6 + -1.
-1
Evaluate -1 - 4 - (-1 + 10 + -17).
3
What is the value of 6 + 0 + -1 + -52 + 48?
1
What is -2 + 2 + 1 + (-17 - -21)?
5
What is 2 - (2 + (-4 + 6 - 0))?
-2
What is the value of -7 + 13 + 8 + -9?
5
Evaluate 3 - ((-3 - 0) + 7).
-1
What is 6 - (-1 + -4 + 2) - 2?
7
Calculate 4 + 7 + -11 + -5.
-5
Evaluate -6 + 14 + (-17 - -9).
0
What is -1 - 2 - -4 - (0 + -1)?
2
Calculate 0 + 1 - (2 - (-6 - -6)).
-1
What is the value of 4 - 3 - -12 - 5?
8
Evaluate 7 + -10 + 5 + 1.
3
Calculate (1 - (-5 - -2)) + -9.
-5
Calculate -10 + 28 + -11 + -7.
0
What is (0 - -5 - -2) + -4?
3
1 - ((10 - 3) + -4)
-2
Calculate 8 + -5 - 6 - 1.
-4
Evaluate -8 + (-6 - -11 - 6 - -20).
11
Evaluate 5 - (5 - 7) - (9 + 3).
-5
Evaluate 0 - (1 + 0) - -6.
5
What is 7 - (5 - -1) - (2 + 0)?
-1
What is (8 - 6) + -15 + 8?
-5
Evaluate -16 + 3 - -4 - (-18 - -20).
-11
What is the value of 1 + 6 + 16 + -26 + 8?
5
-2 + (0 - -4) + -7
-5
What is the value of 4 - (1 - 1) - (-5 - -11)?
-2
-7 - -3 - (3 + 2 - 3)
-6
Calculate 186 + -187 - (1 - 13).
11
What is 1 - 2 - (4 + (2 - 5))?
-2
1 - (-5 + -2 - -4)
4
What is the value of -2 + -7 - -1 - (-21 + 15)?
-2
What is (12 - 15) + (5 + -3 - -3)?
2
What is -2 + -1 - (6 - 6)?
-3
Evaluate (0 - ((-5 - -5) + 4)) + 2.
-2
Calculate 2 + 9 + (-48 - -36).
-1
What is (4 - (-10 + 10)) + 3?
7
(-3 + 7 - 9) + 0 + 1
-4
Calculate -3 + (-4 - -9) + -5.
-3
Calculate -3 - ((-9 - -4) + 4).
-2
(9 + -18 - 0) + 12
3
Calculate 5 + -8 + (3 - 2) + 2.
0
Calculate (70 - 78) + (-1 - (-2 - 0)).
-7
What is 8 - ((10 - 0) + -6)?
4
What is the value of -3 + -1 - (-6 + 13 + -8)?
-3
What is 9 - (-8 + 24 - 12)?
5
(3 - 0) + (-54 - -56) + 1
6
Evaluate -2 + (3 - 3) + (-4 - -1).
-5
(-3 - 0) + (-4 - -1 - -10)
4
What is -7 - -4 - ((-1 - -5) + -4)?
-3
Calculate -5 + (-5 + 18 + 0 - -1).
9
Evaluate -12 - (-5 + (-8 + 13 - 3)).
-9
Calculate 3 + -1 - (0 + 1) - -4.
5
What is (15 - 2) + 16 + -23 - 5?
1
0 + -7 + 11 + 2 + -15
-9
What is the value of -2 + (6 - (3 + 5))?
-4
What is the value of 4 + 3 + 1 + -9?
-1
Calculate 11 + (-23 - -7) + 9.
4
What is the value of (4 - 1) + (3 + -8 - 2)?
-4
Evaluate 0 + (5 - 1) + -1.
3
Evaluate -1 + (0 - (-3 - -3)) - -4.
3
-2 - 1 - 4 - -4
-3
Calculate 3 + 2 + -2 - 3.
0
Evaluate 1 - ((-1 + -3 - -2) + -1).
4
10 + -1 + -38 + 24
-5
What is 0 - -2 - ((4 - 1) + 0)?
-1
What is the value of 3 + -1 + (-6 - -8)?
4
What is the value of 3 - (-8 + 4) - 6?
1
Evaluate -6 + 5 + (2 - (-9 - -3)).
7
0 - (-4 - (0 + -2)) - 1
1
-12 + 0 + 10 - -2
0
6 + (4 - (9 + -3)) + 2
6
-3 + (-5 + 2 - -5) + 2
1
What is the value of -6 - -7 - (-9 - (2 - 4))?
8
-5 + 3 + -1 - 1
-4
Evaluate 4 + 1 - 1 - (6 - 6).
4
Calculate 3 - (2 - 3) - 0.
4
Evaluate 16 + -2 + 7 + -12.
9
Evaluate -5 + (4 - -7) + -2.
4
-8 + 7 + (1 + 0 - -4)
4
What is the value of (0 - (1 - 4 - -4)) + 0?
-1
Calculate 3 + -2 - ((6 - -4) + -7).
-2
What is -4 + 0 + -2 + 5 - -7?
6
What is the value of 3 + (-5 - (2 - 2)) + 3?
1
(-1 - 0) + -7 + -4 + 11
-1
Calculate -6 + (-20 + 21 - (2 + -9)).
2
What is -1 + 0 + (4 - 4) + 6?
5
-4 - -3 - (2 + 0)
-3
What is the value of 3 + 0 - 3 - -4?
4
7 + (-2 - 7) - -6 - 9
-5
Calculate 8 + 4 + (-9 - -1).
4
What is (2 - (-1 + 4)) + -4?
-5
What is 2 + -5 + 2 + (-9 - -6)?
-4
What is the value of 6 + -11 - (1 + -4)?
-2
-11 + (-4 - (-15 + 5))
-5
What is (-2 - (0 + -5)) + 0?
3
Calculate (5 - (3 - (-1 - -4))) + -7.
-2
What is the value of 3 - 2 - (12 - 8)?
-3
Evaluate 3 - (0 - (2 - 2 - 0)).
3
1 - (3 - -2) - (-22 + 11)
7
What is the value of 3 - (5 + (-5 + 9 - 9))?
3
(0 - (-2 - -6)) + 6
2
Evaluate 6 + -2 + -4 + 1 + -6.
-5
Calculate 17 + (-14 - -27 - 22).
8
Evaluate (-10 - 1) + 6 + -3 + 3.
-5
Calculate 0 - -3 - (5 + 1 + -6).
3
What is the value of 1 - (1 + (-4 - -5))?
-1
What is the value of -9 + 1 - -2 - -14?
8
(3 - 3) + 0 + 1 + 4
5
Calculate (8 + 4 - (-5 - -9)) + -5.
3
1 + (4 - 3 - 3) - 1
-2
What is the value of (-6 - (-14 + 4)) + -4?
0
What is the value of (-1 - 1) + -2 + 0?
-4
What is -1 + 6 + (-23 - -23)?
5
Evaluate 6 + 2 + -5 + (2 - 1).
4
Calculate 2 + 0 + -6 - -5 - -3.
4
0 - (-10 + -5 + 9)
6
What is the value of 2 - (2 + 2 + -3)?
1
What is (-1 - 8 - -2) + 4 - 3?
-6
Evaluate (-2 - 4) + (0 - -8).
2
What is -10 - (7 - (19 - -3))?
5
What is 3 - ((6 - (-3 + 4)) + -1)?
-1
What is (0 - (-3 + -2)) + (56 - 63)?
-2
What is the value of -5 + (11 - (6 - 2))?
2
What is the value of 2 - 0 - (-6 - -7) - 0?
1
What is the value of -11 + 6 - (6 - (-2 + 8))?
-5
What is the value of -3 + (3 - 1 - (7 - 6))?
-2
Calculate (24 - (7 + -1)) + -9.
9
Calculate 6 + (5 - 5) + (-9 - -5).
2
What is 4 - (-2 + 2) - 5?
-1
Calculate (7 - 8) + -4 - -7.
2
Calculate (1 - -3) + -2 + -2.
0
What is (10 - 3) + (-2 - 8) + 2?
-1
What is 8 + -2 + -2 - (-72 - -74)?
2
What is 5 + 0 - (2 - 1)?
4
Evaluate 4 + -3 - (3 + (-3 - 1)).
2
7 - 0 - 3 - (0 - 1)
5
Calculate 5 + -19 + 11 - (-6 + -1).
4
6 + (-9 - -4 - -1)
2
What is the value of (-15 - -20) + -11 + 5?
-1
What is the value of -10 + -3 + 16 + -6?
-3
What is 3 + -6 + 1 + -1 + -1?
-4
What is the value of 0 + 2 + -6 + (-1 - -6)?
1
Evaluate (16 - 10) + (1 - 12).
-5
What is 40 + -32 - (-2 + 6)?
4
What is the value of 2 - -1 - (-1 + 3) - -3?
4
Calculate -4 + (-4 - (-1 + -9)) + -4.
-2
What is the value of 54 - 53 - (-1 - -6)?
-4
0 + -8 + -1 + (-6 - -11)
-4
Calculate (1 - 5) + 4 + -2.
-2
What is (-2 - 8) + 4 + (-5 - -6)?
-5
What is -8 + -1 + 7 - -1?
-1
Calculate -6 - -8 - (0 - 1).
3
What is (6 + 3 - 13) + -6 - 0?
-10
(4 - 0) + (-1 - 3) + 2
2
0 + (-7 - (-4 + (6 - 10)))
1
Evaluate (-3 - (-11 - (2 - 9))) + -6.
-5
What is -2 - (-11 - (-11 + (5 - 0)))?
3
5 - (5 - (-1 + 6))
5
7 + -11 + 3 - -9
8
What is the value of 4 + -5 + -6 + 4 + 3?
0
Calculate 2 + -6 + (8 - 8).
-4
-2 + (-7 - -8) - 0
-1
What is 2 - (0 + -2 + (-2 - -5))?
1
What is 1 - (-6 - -2 - -8) - 0?
-3
Evaluate (6 - (23 - 10)) + 12.
5
What is the value of 4 - 1 - (2 + 4 + 0)?
-3
Evaluate 6 - (-1 - -1) - 7.
-1
What is the value of (22 - 29) + -1 + 11?
3
Evaluate 1 + -6 + (-9 - (23 + -39)).
2
Calculate 0 - (-4 - (0 - -3)).
7
-5 + 10 - ((17 - 5) + -3)
-4
(2 + -5 - 4) + 4
-3
6 - (6 - (1 - 0))
1
Calculate 7 + 1 + (-6 - 3).
-1
Evaluate 4 - (-1 + 4 + -4 - -7).
-2
Calculate 4 + -9 + (-4 - -11).
2
0 + -7 + 7 + (0 - -7)
7
-9 - (0 + (2 - 6))
-5
What is -5 - (-2 + 8 + -5)?
-6
Evaluate 5 + -5 + (1 + -1 - -1).
1
What is the value of (3 - 9) + 2 + -5?